 = -16 - -20. Suppose -v*q + 44 = z, z + q + 136 = 6*z. Calculate the highest common divisor of z and 42.
14
Let s be (-1 - -2)/(4/(107 - 11)). Suppose 4*b = -0*i + 2*i + 54, 3*i + 33 = 2*b. What is the greatest common factor of s and b?
12
Let g = 132 + -96. Calculate the highest common divisor of g and 12.
12
Let s(m) = 3*m**2 - 4*m + 9. Let x(l) = -l**2 + 2*l - 5. Let k(f) = 4*s(f) + 7*x(f). Let v be k(1). Calculate the greatest common divisor of 28 and v.
4
Let k be (0 - 22/(-4))*6. What is the highest common divisor of k and 165?
33
Let r(b) = b**2 - 5*b + 2. Let n be r(6). Calculate the greatest common factor of 4 and n.
4
Let l be (3 + -2)/(2/20). Let s be (-4)/(-10) + 96/l. Let x be (2*9)/2 + (75 - 74). What is the highest common divisor of s and x?
10
Let v be (108/(-45))/(1/(-10)). What is the greatest common divisor of 60 and v?
12
Let h be (-3)/(1*(-9)/93). Let b = 79 - h. What is the highest common factor of 8 and b?
8
Let b = -38 - -98. What is the greatest common factor of 15 and b?
15
Let l(o) = -o**3 - 6*o**2 - 2*o + 6. Let k be l(-6). Let q = k + 59. What is the highest common divisor of q and 7?
7
Let k be (8/(-6))/((-11)/132). What is the greatest common factor of 4 and k?
4
Let f = -1 - -15. What is the highest common divisor of 21 and f?
7
Let z be ((-3)/6 - 0)*-6. Let i = 5 - z. Let k = -4 - -9. Calculate the greatest common divisor of k and i.
1
Suppose t - 12 = -2*t. Let c be (-2)/t - 25/(-10). Suppose 2*x = -c*p + x + 52, -56 = -3*p + 4*x. Calculate the greatest common factor of 6 and p.
6
Let w = 141 - 42. Calculate the highest common divisor of 9 and w.
9
Let f be (-9 - 2/1)*-1. Suppose -5 = -n - 4. What is the greatest common divisor of f and n?
1
Let a(b) = 12*b - 34. Let i be a(5). What is the highest common factor of i and 13?
13
Suppose 4*p = 8*p - 56. Let z(x) = 2*x**3 - 2*x**2 - 3*x - 2. Let o be z(-2). Let i = o - -34. Calculate the greatest common divisor of p and i.
14
Let y(u) = -1 - 11*u**2 + 7*u**3 - 39*u**3 + 11*u**2. Let x be y(-1). Let o = x + -18. Calculate the highest common factor of o and 39.
13
Let h be (90/12)/((-3)/(-76)). Calculate the greatest common divisor of h and 19.
19
Let c(s) = -24*s + 1. Let z be c(-5). Let i = z + -85. What is the greatest common divisor of 12 and i?
12
Suppose w + 2*w - 41 = -2*f, 0 = 3*w - f - 47. Let m(z) = 4*z + 43. Let x be m(23). What is the greatest common divisor of x and w?
15
Let n be (-2)/(-1)*5/(-10). Let t(w) = 86*w**2 + w. Let m be t(n). What is the greatest common factor of 17 and m?
17
Let j = -185 + 473. Let f = -76 + 112. What is the greatest common factor of f and j?
36
Suppose 3*a + 4*d - 208 + 80 = 0, 0 = -a - 3*d + 46. Let v(u) = -3*u. Let o be v(-1). Let x be (2 - -1)*4/o. Calculate the highest common factor of x and a.
4
Suppose 3*i + 0*i + 12 = 3*g, -22 = -4*g + i. Calculate the highest common factor of 36 and g.
6
Suppose 2*n - z - 201 = -0*z, n + 3*z - 90 = 0. Suppose -b = 3*o + 4, 0*o - o = -5*b + 60. What is the greatest common factor of b and n?
11
Suppose -15 = -2*c - s + 13, -12 = 3*s. Calculate the highest common factor of c and 16.
16
Suppose -3*r + 555 = r + 5*d, -3*d = -5*r + 666. Let n be 5*(-1)/5*4. Let v(s) = s**2 - 1. Let x be v(n). What is the highest common divisor of x and r?
15
Let l(i) = -3*i - 2. Let o be l(-6). Let v = o - 11. Suppose -14 = -v*w + 1. What is the highest common divisor of w and 33?
3
Suppose 4*x - s - 294 = s, 2*s - 6 = 0. Let q be -5*5/(x/(-12)). Calculate the greatest common factor of q and 44.
4
Let h(c) = -71*c**3 + 2*c**2 + 2*c + 1. Let z be h(-1). Let m = 127 - z. Calculate the greatest common divisor of 11 and m.
11
Suppose 0 = -2*o + 10 + 32. Suppose -m + o = 9. Let p be 33/12 - (-2)/8. Calculate the greatest common divisor of p and m.
3
Let x be -3 + 1 + (2 - 0). Let t(d) = 14*d + 2. Let a be t(3). Suppose -2*b + r + 88 = -x*r, -a = -b + r. Calculate the greatest common factor of b and 4.
4
Let a be (14/(-5))/(4/(-190)). Calculate the highest common factor of 7 and a.
7
Let o(x) = -5*x + 3. Suppose -3*z - 20 = -7*z. Let n = 0 - z. Let v be o(n). Calculate the greatest common divisor of v and 4.
4
Suppose 44 = 7*n - 271. Calculate the highest common divisor of 60 and n.
15
Let i = 91 - 74. What is the greatest common divisor of i and 17?
17
Let q = -53 - -58. What is the highest common divisor of 10 and q?
5
Let i(t) = -6*t - 8. Let s be i(-6). Calculate the greatest common divisor of s and 252.
28
Suppose -135 = -3*h + 129. What is the highest common factor of 8 and h?
8
Suppose 2*z + 1 = 5*a + 25, 2*a = 2*z - 24. Suppose -48 = -3*w - w. What is the greatest common factor of z and w?
12
Let b = -1 - -2. Let i be (-32)/b*2/(-1). Let l be ((-9)/4)/((-12)/i). Calculate the greatest common factor of l and 60.
12
Let w = -3 + -1. Let u be 6/(1 - 2/w). Suppose u*o - 23 - 5 = 0. Calculate the greatest common divisor of o and 1.
1
Let h(t) = 2*t**2 - 2*t - 12. Let z be h(5). Suppose 0 = -2*n - 0*n - 6, -5*v - 5*n + 20 = 0. Calculate the greatest common divisor of z and v.
7
Let a = -85 - -141. Suppose -x + a = 14. What is the highest common divisor of x and 6?
6
Suppose 7 = 2*w + 1. Let j be (-14)/4*(1 - w). Calculate the highest common factor of j and 14.
7
Suppose 3*s = -s + 96. Calculate the highest common divisor of s and 6.
6
Suppose 183 = 4*a - 2*a - 5*k, -5*a - 2*k + 530 = 0. Let o(q) = q**2 + 4*q + 1. Let z be o(-6). Calculate the greatest common factor of a and z.
13
Let m = 4 + -9. Let n(o) = 2*o**2 + 8*o + 4. Let z be n(m). Calculate the greatest common factor of z and 14.
14
Let a = 0 - -6. Calculate the highest common divisor of 15 and a.
3
Let u be (-128)/(-5) + (-4)/(-10). Suppose 5*f + 48 + 2 = 0. Let s = f + u. Calculate the greatest common divisor of s and 4.
4
Suppose 13 = -6*n - 11. Let x(h) = -h**3 - 3*h**2 + h + 1. Let z be x(n). Calculate the greatest common divisor of z and 91.
13
Let b(q) = 8*q**3 + q**2 - 4*q + 3. Let w be b(1). What is the highest common factor of 248 and w?
8
Let c(p) = 2*p - 9. Let z be c(8). Suppose -z = -a + 2. Suppose -12 = -3*h + h. Calculate the greatest common divisor of a and h.
3
Suppose 3*b - 36 = 4*m, -b + 4*b - 42 = 2*m. Let j = -7 - -11. What is the greatest common divisor of b and j?
4
Let r(l) = -5*l - 25. Let u be r(-12). Let g(b) = b**3 - 6*b**2 - 4*b - 7. Let z = -8 - -15. Let t be g(z). What is the highest common factor of t and u?
7
Let s = 30 + -2. Suppose 0 = 5*r - 4*t - t - 5, -3*r + s = 2*t. Calculate the greatest common factor of 18 and r.
6
Suppose -5*j + 9 = -1. Let b(n) = -5*n - 7. Let l be b(-5). Let s = l - j. What is the highest common divisor of s and 40?
8
Let g(d) = 3*d + 4. Let m be g(6). Let z be 0 + 21 - (0 - 1). What is the greatest common divisor of m and z?
22
Let i(v) = -v**2 + 487. Let c be i(0). Suppose -404 - c = -3*o. Suppose 3*m - o = -0*m. What is the greatest common divisor of m and 9?
9
Let l be ((-180)/25)/(((-36)/200)/3). What is the highest common factor of l and 15?
15
Suppose 4*b - 180 = -b. Let a = -16 + 8. Let p be 27/(-1)*a/24. Calculate the highest common factor of b and p.
9
Suppose 3*n = -n. Suppose n = 3*d - 132 + 24. Calculate the greatest common factor of d and 90.
18
Let c(s) = s**3 + s**2 + 3*s - 2. Suppose -5*k + 15 = -5. Let n be c(k). Let a = 18 + n. What is the highest common divisor of 12 and a?
12
Let w be ((-5)/(-15))/((-1)/(-63)). Let x = 346 - 199. What is the highest common factor of w and x?
21
Suppose 17 = 2*m - 3. Calculate the greatest common divisor of m and 10.
10
Let b(k) = 5*k + 2. Let s(q) = -2*q - 1. Let v(o) = -4*b(o) - 11*s(o). Let r be v(7). What is the greatest common factor of 51 and r?
17
Let l be 22/110 - (1 - 128/10). What is the greatest common factor of 6 and l?
6
Let y(d) = 19*d**2 - d - 2. Let l be y(2). Calculate the greatest common divisor of l and 24.
24
Suppose o - 3*h - 4 = 0, h + 4*h - 12 = -3*o. Suppose -5*g + 21 = o*q, -5*q + 24 + 18 = g. What is the highest common divisor of q and 3?
3
Let b(u) = 10*u + 1. Suppose -z + 4 = -0*z. Let w = z - 3. Let s be b(w). Calculate the highest common divisor of 66 and s.
11
Suppose 0 = 5*j - 620 + 100. Let f be 18*5/10 - -4. What is the greatest common divisor of f and j?
13
Let d = 123 + -57. Calculate the highes